3. Suppose n*l + l + 3 = i, -5*l + 3 = i. Let x be (-30 - -5)*(-1 - i). Calculate the highest common divisor of 40 and x.
20
Suppose -3*m - 4*z = -119, 0 = 7*m - 2*m + 3*z - 202. Calculate the highest common divisor of m and 205.
41
Let l(p) = 3*p**2 + 1. Let g be l(1). Let r = g + 14. Suppose -3*t + 17 = -n, 2*n = 2*t - 2*n - r. What is the greatest common divisor of 35 and t?
5
Let c be ((-240)/8)/(3/(-2)). Calculate the greatest common factor of 8 and c.
4
Let h be 10/(-25) - (-13)/(-5). Let w be h/12 - 23/4. Let b = -3 - w. What is the greatest common divisor of b and 3?
3
Suppose -65 = -3*p - 11. What is the highest common factor of 2 and p?
2
Let o(b) = -b + 4. Let f be o(-8). Suppose 3*k - 2*k + 122 = 0. Let d be k/(-4) + 1/(-2). What is the highest common factor of f and d?
6
Let j be 3*1 - ((2 - -2) + -57). Calculate the greatest common divisor of j and 84.
28
Let u(k) = 3*k**2 + 4*k + 5. Let p be u(-3). Let f be ((-72)/p)/(4/(-10)). What is the greatest common factor of f and 3?
3
Suppose 3*a = 0, f = 8*a - 3*a + 48. Let s = -24 + f. Calculate the highest common factor of 36 and s.
12
Let k = 74 + -42. What is the greatest common divisor of k and 8?
8
Let q(i) = i**2 + 11*i + 14. Let o be q(-10). What is the greatest common factor of o and 36?
4
Let y(k) = k**2 + 40. Suppose -3*t = -2*t. Let w be y(t). Calculate the greatest common divisor of w and 8.
8
Let o = 16 + -2. What is the greatest common divisor of o and 14?
14
Let a be 1/(3/(60/4)). Suppose -a*j + 440 = -0*j. Let r = 5 - -3. Calculate the greatest common factor of j and r.
8
Let i(t) = -t + 1. Let q be i(-2). Suppose -o + 11 + q = 0. Let k be (-6)/(-15) + (-68)/(-5). Calculate the highest common divisor of o and k.
14
Let w = 34 + 41. Calculate the greatest common divisor of w and 25.
25
Let u = -29 + 73. What is the greatest common factor of u and 11?
11
Suppose -96 = -4*b - 16. Calculate the greatest common factor of b and 100.
20
Let n be 550/14 + 8/(-28) - -1. Suppose -2*h = -h - 5. Calculate the highest common divisor of h and n.
5
Suppose 20 = -2*s - 0*u - u, -2*s + 5*u - 20 = 0. Let v = s + 54. Let l(j) = -j + 11. Let n be l(0). Calculate the highest common factor of v and n.
11
Let y = 103 + -67. Suppose y = -z + 4*z. Let u(s) = s**2 + 6*s - 7. Let q be u(-11). Calculate the greatest common factor of z and q.
12
Let a = -25 - -51. What is the greatest common factor of 65 and a?
13
Let t be ((-32)/10)/(4/(-10)). What is the greatest common divisor of 1 and t?
1
Let s(h) = -4*h. Let q be s(-10). Calculate the highest common divisor of q and 8.
8
Let q = 69 + -30. Let w(n) = n. Let s(z) = -4*z + 1. Let i(c) = -s(c) + 5*w(c). Let r be i(3). Calculate the highest common factor of q and r.
13
Suppose 9*a - 4*a = -2*f + 1000, -2*a = f - 401. Calculate the highest common factor of 18 and a.
18
Let o(f) = -2*f**2 + 6*f + 5. Let a be o(-5). Let n be (-2)/(-9) - a/27. Suppose r - 32 = -n*r. Calculate the highest common factor of r and 32.
8
Let z = 31 - 18. Calculate the greatest common factor of 13 and z.
13
Suppose q - 21 = -5*p, -17 = -5*p + p - q. What is the greatest common divisor of 1 and p?
1
Let l = 73 - 17. What is the greatest common factor of l and 448?
56
Let s = 8 - 3. Let m be -1 + 77 + s + -4. Calculate the greatest common factor of 11 and m.
11
Let d = 205 - 141. Let t(m) = m**2 - 8*m - 12. Let g be t(10). What is the greatest common factor of g and d?
8
Let b be 62/10 - (-4)/(-20). Suppose -359 - 41 = -2*n. Suppose 0 = -v + b*v - n. What is the highest common factor of 5 and v?
5
Let m = -18 - -37. Calculate the highest common factor of m and 152.
19
Let z be 354/24 + 1/4. Calculate the greatest common factor of z and 3.
3
Let w = 12 - 7. Let g be 164/32 - 2/16. Calculate the greatest common factor of g and w.
5
Let l(u) = -u**2 + 7*u - 8. Let i be l(6). Let m = i - -3. Let r = 338 - 327. Calculate the highest common divisor of m and r.
1
Let m(i) = 2*i - 6. Let x be m(5). Let f(t) = 6*t**3 - 5*t**2 + 3*t - 2. Let p be f(2). What is the greatest common factor of p and x?
4
Let i(q) be the second derivative of -q**3/6 - 5*q**2/2 + 3*q. Let s be i(-8). Suppose 2*z + 6 = 4*z. Calculate the highest common divisor of s and z.
3
Suppose -4*n - 6 = -6*n. Suppose n*a - 2*a - 3 = 0. Suppose -3*p - 5*g = -3, -2*p + 3*g + 0 = -2. What is the highest common factor of a and p?
1
Let a = 12 + -7. Let m(q) = 7*q - 2 - 5 - 4 + 4*q. Let d be m(6). What is the highest common factor of d and a?
5
Let h be (-6)/(-4)*(-88)/(-12). What is the highest common factor of h and 11?
11
Let a = -13 + 481. What is the highest common factor of a and 52?
52
Let v(s) = 3*s + 42. Let o be v(-11). Calculate the greatest common divisor of o and 63.
9
Suppose 7*p - 4 = 3*p. Let a(t) = 42*t**3 - t**2 + 2*t - 1. Let y be a(p). Calculate the greatest common divisor of y and 14.
14
Suppose -5*x - 40 = 5*s, 0 = -4*s - 5*x - 12 - 23. Let m(t) = -16*t + 4. Let b be m(s). Calculate the highest common factor of 12 and b.
12
Let d = 709 - 267. What is the greatest common divisor of d and 34?
34
Let r = -15 + 23. Calculate the greatest common divisor of r and 32.
8
Let l = -22 + 13. Let s = 9 - l. Calculate the highest common divisor of 36 and s.
18
Let b(d) = -d + 5. Let n be b(0). Suppose 126 = n*p - 3*c - 187, -p + 57 = -2*c. What is the highest common factor of 13 and p?
13
Let p(d) = d**3 - d**2 - 2*d - 1. Let a be p(-1). Let j(z) = -9*z**3 - z**2 - z - 1. Let u be j(a). What is the highest common factor of 20 and u?
4
Let q(x) = 36*x**2 + x - 2. Let a be q(-2). Let m be (a/(-49))/((-4)/14). Calculate the highest common divisor of m and 25.
5
Suppose 0 = 3*v + o - 25, -o = 5*v - 0 - 39. Calculate the highest common divisor of v and 21.
7
Suppose 0 = -4*q - 3*z + 748 + 9, 0 = 5*q + 3*z - 944. What is the highest common factor of q and 17?
17
Suppose 0 = s + 5*l + 15, 4*s + l = 2*l + 24. Suppose s - 1 = b - 3*y, -2*y - 7 = -b. What is the highest common divisor of 13 and b?
13
Suppose -i + 5*i = -56. Let b = 21 + i. What is the greatest common factor of b and 63?
7
Let d = -8 - -7. Let t = 11 + d. Let k = 4 + -2. Calculate the highest common divisor of k and t.
2
Suppose 5*x = s - 53, 0 = 2*s - 0*s + x - 128. Suppose n - 6 - 1 = -b, -4*b + 14 = -3*n. Suppose 7 = h - n. What is the greatest common divisor of s and h?
9
Let l = 79 - 58. Calculate the greatest common factor of l and 14.
7
Suppose -c - h + 8 = 0, 3*c + 2*h - 7 - 14 = 0. Suppose -m + 38 = m + 4*q, 5*m = -c*q + 115. What is the greatest common divisor of 3 and m?
3
Let m be 23/(-2)*(-7 + 5). Let n = 1 + m. Suppose h + n = 3*y - 2*h, 0 = -2*y + 3*h + 14. What is the greatest common factor of y and 80?
10
Let m be 2/(-8) - 2322/(-8). Suppose -m = -4*y + 34. Suppose 27 + 18 = 5*h. Calculate the highest common divisor of y and h.
9
Let g(r) = 3*r**2 - 6*r + 4. Let l be g(6). Suppose -5*k + l + 29 = 0. What is the greatest common divisor of 7 and k?
7
Let g(t) = -t**3 - 2*t**2 + 3*t + 4. Let h be g(-3). Suppose h*m - 6*m = -234. Calculate the greatest common divisor of 13 and m.
13
Let u = 219 + -156. What is the highest common factor of 7 and u?
7
Let w(i) be the third derivative of -3*i**2 + 0*i - 37/24*i**4 - 1/6*i**3 + 0. Let n be w(-4). Calculate the highest common factor of 21 and n.
21
Let c(z) be the third derivative of z**4/24 + 19*z**3/6 - 2*z**2. Let p be c(-8). What is the highest common divisor of p and 55?
11
Let z(s) = 2*s**3 + 12 + 3 + 3*s**3 - 6*s**3. Let b be z(0). What is the highest common factor of b and 135?
15
Suppose -5*b = -8*b. Let j be (-2)/(2 + b) - -15. Calculate the greatest common divisor of 56 and j.
14
Let a(w) = -15*w + 16. Let k(g) = -16*g + 16. Let n(t) = -6*a(t) + 5*k(t). Let l be n(7). Calculate the highest common factor of 6 and l.
6
Suppose 0*o - o + 25 = 5*f, 0 = 3*f - o - 23. Let r = 8 - f. Calculate the greatest common factor of 6 and r.
2
Let u(c) = -c**3 + 5*c**2 + 7*c + 4. Let y be u(6). Let n = -11 + y. Let z be (60 - -1) + (2 - n). What is the highest common factor of 8 and z?
8
Let j(w) = w**3 + 8*w**2 + w - 5. Let z be j(-5). Let n = -25 + z. Suppose 0 = 2*g + r - 5*r, 4*r - 40 = -3*g. Calculate the greatest common divisor of g and n.
8
Let p(u) = u**2 + 9*u - 25. Let c be p(-12). What is the